llions digit of 13592861?
1
What is the ten thousands digit of 145401?
4
What is the hundred thousands digit of 1162445?
1
What is the thousands digit of 854942?
4
What is the hundreds digit of 1427351?
3
What is the ten thousands digit of 330115?
3
What is the millions digit of 4374498?
4
What is the hundreds digit of 1270198?
1
What is the tens digit of 174092?
9
What is the units digit of 5313?
3
What is the ten thousands digit of 2946770?
4
What is the hundred thousands digit of 381417?
3
What is the ten thousands digit of 4018541?
1
What is the hundred thousands digit of 149126?
1
What is the tens digit of 674530?
3
What is the units digit of 3474322?
2
What is the tens digit of 1426601?
0
What is the hundred thousands digit of 3154872?
1
What is the hundreds digit of 301604?
6
What is the units digit of 881938?
8
What is the tens digit of 610746?
4
What is the millions digit of 5053949?
5
What is the units digit of 789173?
3
What is the hundreds digit of 3757856?
8
What is the ten thousands digit of 271888?
7
What is the tens digit of 1916068?
6
What is the units digit of 2618674?
4
What is the thousands digit of 1791716?
1
What is the hundreds digit of 19145?
1
What is the hundred thousands digit of 1847410?
8
What is the tens digit of 16052013?
1
What is the hundreds digit of 467655?
6
What is the units digit of 3543034?
4
What is the millions digit of 3954346?
3
What is the hundreds digit of 1464022?
0
What is the ten thousands digit of 3264476?
6
What is the hundred thousands digit of 8707300?
7
What is the tens digit of 4485931?
3
What is the tens digit of 47442?
4
What is the tens digit of 4195632?
3
What is the hundred thousands digit of 9208509?
2
What is the hundreds digit of 5805953?
9
What is the thousands digit of 150459?
0
What is the thousands digit of 1376401?
6
What is the thousands digit of 15611613?
1
What is the thousands digit of 19914843?
4
What is the thousands digit of 3720483?
0
What is the ten thousands digit of 560038?
6
What is the thousands digit of 240678?
0
What is the ten thousands digit of 794819?
9
What is the hundreds digit of 311874?
8
What is the units digit of 374942?
2
What is the thousands digit of 236113?
6
What is the thousands digit of 13881021?
1
What is the tens digit of 1191190?
9
What is the tens digit of 979180?
8
What is the thousands digit of 805638?
5
What is the thousands digit of 421499?
1
What is the millions digit of 2893543?
2
What is the hundreds digit of 8740159?
1
What is the thousands digit of 6193723?
3
What is the tens digit of 4883785?
8
What is the units digit of 1049724?
4
What is the tens digit of 6664412?
1
What is the hundred thousands digit of 285856?
2
What is the hundred thousands digit of 583262?
5
What is the hundreds digit of 1967931?
9
What is the millions digit of 3170785?
3
What is the thousands digit of 1476641?
6
What is the tens digit of 2153047?
4
What is the hundred thousands digit of 225542?
2
What is the hundreds digit of 119757?
7
What is the ten thousands digit of 120670?
2
What is the units digit of 1697891?
1
What is the units digit of 7737646?
6
What is the ten thousands digit of 1099967?
9
What is the ten thousands digit of 749343?
4
What is the millions digit of 3132242?
3
What is the tens digit of 8439170?
7
What is the thousands digit of 1474718?
4
What is the tens digit of 324715?
1
What is the tens digit of 761849?
4
What is the units digit of 4036?
6
What is the hundreds digit of 18458928?
9
What is the thousands digit of 48812?
8
What is the tens digit of 4141484?
8
What is the thousands digit of 210898?
0
What is the ten thousands digit of 42059?
4
What is the hundred thousands digit of 101709?
1
What is the units digit of 141181?
1
What is the hundreds digit of 402898?
8
What is the millions digit of 24679662?
4
What is the ten thousands digit of 695919?
9
What is the hundred thousands digit of 5105912?
1
What is the ten millions digit of 20113255?
2
What is the hundred thousands digit of 221149?
2
What is the thousands digit of 4435994?
5
What is the ten thousands digit of 1352539?
5
What is the thousands digit of 1745920?
5
What is the millions digit of 22217777?
2
What is the units digit of 384408?
8
What is the tens digit of 1532143?
4
What is the millions digit of 3739865?
3
What is the units digit of 320116?
6
What is the hundred thousands digit of 920015?
9
What is the hundred thousands digit of 525184?
5
What is the tens digit of 238785?
8
What is the thousands digit of 112604?
2
What is the units digit of 9477820?
0
What is the tens digit of 3173217?
1
What is the ten thousands digit of 970359?
7
What is the hundred thousands digit of 471609?
4
What is the tens digit of 7263?
6
What is the thousands digit of 11186294?
6
What is the ten millions digit of 10349895?
1
What is the millions digit of 22307793?
2
What is the hundreds digit of 488499?
4
What is the ten thousands digit of 1491282?
9
What is the hundred thousands digit of 8161211?
1
What is the hundreds digit of 133666?
6
What is the units digit of 789473?
3
What is the hundred thousands digit of 1523514?
5
What is the units digit of 43167?
7
What is the thousands digit of 4723037?
3
What is the hundred thousands digit of 4757067?
7
What is the tens digit of 660349?
4
What is the ten thousands digit of 153594?
5
What is the hundred thousands digit of 224503?
2
What is the thousands digit of 2299291?
9
What is the thousands digit of 36589195?
9
What is the hundred thousands digit of 106855?
1
What is the units digit of 378641?
1
What is the ten thousands digit of 237248?
3
What is the thousands digit of 4848033?
8
What is the tens digit of 60946?
4
What is the tens digit of 286169?
6
What is the hundreds digit of 40046639?
6
What is the hundreds digit of 7742496?
4
What is the thousands digit of 654764?
4
What is the tens digit of 3350829?
2
What is the hundreds digit of 10225038?
0
What is the hundreds digit of 993101?
1
What is the millions digit of 5250579?
5
What is the hundred thousands digit of 1236174?
2
What is the hundred thousands digit of 1088592?
0
What is the hundred thousands digit of 233471?
2
What is the hundreds digit of 2253288?
2
What is the thousands digit of 207089?
7
What is the hundreds digit of 1826055?
0
What is the tens digit of 130159?
5
What is the ten thousands digit of 1725989?
2
What is the units digit of 125745?
5
What is the ten thousands digit of 420433?
2
What is the thousands digit of 394514?
4
What is the hundred thousands digit of 1546008?
5
What is the hundreds digit of 119982?
9
What is the millions digit of 3657156?
3
What is the hundreds digit of 464181?
1
What is the hundred thousands digit of 241460?
2
What is the tens digit of 186207?
0
What is the hundred thousands digit of 955285?
9
What is the hundreds digit of 14248448?
4
What is the hundred thousands digit of 585752?
5
What is the ten thousands digit of 879818?
7
What is the ten thousands digit of 1692166?
9
What is the units digit of 4202384?
4
What is the ten thousands digit of 282530?
8
What is the units digit of 418439?
9
What is the thousands digit of 1155177?
5
What is the ten thousands digit of 196240?
9
What is the thousands digit of 609896?
9
What is the ten thousands digit of 18299319?
9
What is the tens digit of 44837?
3
What is the ten thousands digit of 522487?
2
What is the thousands digit of 2276332?
6
What is the units digit of 555085?
5
What is the tens digit of 195304?
0
What is the tens digit of 7383900?
0
What is the millions digit of 2281853?
2
What is the hundreds digit of 1471473?
4
What is the ten thousands digit of 714216?
1
What is the hundred thousands digit of 22064946?
0
What is the hundred thousands digit of 8810576?
8
What is the hundred thousands digit of 3138606?
1
What is the hundreds digit of 17314?
3
What is the tens digit of 55116?
1
What is the units digit of 27041?
1
What is the tens digit of 8986497?
9
What is the hundreds digit of 113236?
2
What is the ten thousands digit of 1157030?
5
What is the ten thousands digit of 1477656?
7
What is the ten thousands digit of 3362460?
6
What is the hundreds digit of 71921?
9
What is the thousands digit of 277293?
7
What is the thousands digit of 2391655?
1
What is the ten thousands digit of 14